d by 19.
16
Let m(o) = -o**3 + 2*o**2 - o + 1. Calculate the remainder when m(-2) is divided by 11.
8
Let u(v) = 4*v. Suppose 0 = 2*i - 5*i - 78. Let k = i + 56. Calculate the remainder when k is divided by u(4).
14
Let k(r) = -9*r**3 + r**2 - 1. Suppose 5*w = 4*v - 79, -4*w - 8 + 2 = -v. What is the remainder when v is divided by k(-1)?
8
Let l(w) = -19*w - 1. Let i(j) = j**2 - 7*j + 10. Let t be i(3). Calculate the remainder when l(t) is divided by 19.
18
Let n = 35 + -19. Suppose 0 = -u + 2, -5*k - 302 = -10*k + 4*u. What is the remainder when k is divided by n?
14
Suppose -3*b + 10 = 2*b. Let i = 3 - b. Suppose -2*f + 6 = f. Calculate the remainder when f is divided by i.
0
Let o(x) = 3*x**2 + 3*x - 3. What is the remainder when 27 is divided by o(2)?
12
Let s = 61 + -47. What is the remainder when s is divided by 4?
2
Suppose 2*k - 5 = 5. Let j(c) = c - 3. Let h be (6 + 0)/(4 + -3). What is the remainder when k is divided by j(h)?
2
Suppose 16*n - 731 + 171 = 0. What is the remainder when 106 is divided by n?
1
Let j(d) = -d + 4. Let f be j(4). Suppose 66 = 2*y - 4*v, -3*v - 2*v - 10 = f. Let l = -10 + y. What is the remainder when l is divided by 11?
8
Let c be (8/(-6))/(2/(-30)). Let x = -93 + 133. Let b = x - c. Calculate the remainder when 59 is divided by b.
19
Let t = -36 - -50. What is the remainder when t is divided by 3?
2
Let n(i) = -16*i + 2. Calculate the remainder when 105 is divided by n(-1).
15
Suppose 0*h + 147 = 3*h. Let n = 11 + 2. What is the remainder when h is divided by n?
10
Suppose 26*d - 25 = 21*d. What is the remainder when (-6)/(0 - (-2)/(-4)) is divided by d?
2
Suppose f = 3*i - 53, 0 = 81*f - 85*f + 16. Let x = 57 - 3. What is the remainder when x is divided by i?
16
Let l = 43 + -94. Calculate the remainder when -5 + 6 - (-48 + -1) is divided by l/(-2)*(-4)/(-6).
16
Let w = -5 + 18. Let l(m) = m**2 + 9*m - 6. Calculate the remainder when w is divided by l(-10).
1
Suppose -q + 165 = 4*g, q = -g + 6*g - 204. Suppose 57 = 3*s - 2*z, -2*s - 3*z = 16 - g. Calculate the remainder when 44 is divided by 6/(-3 + 0) + s.
14
Let a(w) = w**3 + 6*w**2 + 3*w. Let m(s) = 17 + 12 - s + s**3 - 2*s**3. What is the remainder when m(0) is divided by a(-5)?
9
Suppose 0*a = -6*a + 120. What is the remainder when 36 is divided by a?
16
Let g(k) = -k**3 - 9*k**2 - 4*k - 21. Suppose 7*b - 25 = 2*b. Suppose 45 - 104 = -2*a - o, -b*o - 69 = -3*a. Calculate the remainder when a is divided by g(-9).
13
Suppose 5*j - 2*k - k = 20, -5*k = -j - 18. Suppose -52 = -4*r + 4*q + q, 0 = -3*r - 4*q + 39. Calculate the remainder when r is divided by j.
6
Let v = -17 + 24. Suppose 2*a - 27 = 13. What is the remainder when a is divided by v?
6
Suppose 0 = i + 2 - 17. Calculate the remainder when i is divided by (6 - 0)/((-1)/(-1)).
3
Let g(o) = 3*o**2 + 2*o - 5. Let h be g(-3). Suppose -d = 6 - h. Calculate the remainder when 28 is divided by d.
8
Let u(n) = n**2 - 4*n - 24. Calculate the remainder when u(-4) is divided by 3.
2
Let a(l) = l**3 - 5*l**2 - 6*l + 4. Let c(h) = h**2 + 13*h + 3. What is the remainder when a(6) is divided by c(-13)?
1
Let x(l) = -22*l**3 + 6*l**2 - 7*l + 1. Let j(i) = -i**3 + i**2 - i. Let t(z) = 6*j(z) - x(z). Calculate the remainder when 44 is divided by t(1).
12
What is the remainder when 37 is divided by (5/(-2))/(14/(-56))?
7
What is the remainder when 14 is divided by 8/3*(-5 - -8)?
6
Suppose -4*a = -299 + 111. Suppose 0 = -2*x + 3*x - 4. Suppose -x*h + 49 = -15. What is the remainder when a is divided by h?
15
Suppose -7*n = 216 - 699. Calculate the remainder when n is divided by 18.
15
Let v = 4 + 29. Calculate the remainder when v is divided by 7.
5
Let r(w) = -2*w**3 + w**2 + 4*w + 3. Suppose 3*q - 8 = 7*q. What is the remainder when 44 is divided by r(q)?
14
Suppose -k + 106 + 12 = 0. What is the remainder when k is divided by 30?
28
Let s = 90 + -40. Let c = 95 - 66. Let g = s - c. What is the remainder when 41 is divided by g?
20
Let p(j) = j**2 - 3*j - 3. Calculate the remainder when p(9) is divided by 26.
25
Suppose 3*u - 13 - 20 = 0. Suppose 3*a = -2*a - 25. Let s = u - a. What is the remainder when 47 is divided by s?
15
Let w(q) = -2*q**3 - 4*q**2 + 3. Suppose -6*t = -3*t + 3*h - 9, -5*t + 18 = 4*h. What is the remainder when w(-3) is divided by t?
3
Suppose -9*q + 78 = -66. Let t = 61 + -32. Calculate the remainder when t is divided by q.
13
Let y = 13 - 18. Let g = -3 + y. Calculate the remainder when 2 is divided by ((-2)/(-8))/((-2)/g).
0
Let u = 40 + -33. Calculate the remainder when 20 is divided by u.
6
Let f = -48 - -57. What is the remainder when 50 is divided by f?
5
Suppose 2*y = 4*c - 3*y - 25, 2*c = -4*y + 6. Calculate the remainder when c is divided by 5.
0
Suppose 3*i - 4*q = 162, 3*i + 0*q - 162 = 2*q. What is the remainder when i is divided by 11?
10
Let j = 8 + -9. Calculate the remainder when (-396)/(-20) + j/(-5) is divided by 7.
6
Let g(n) = n**3 + 3*n**2 - 4*n - 6. Calculate the remainder when g(3) is divided by 8.
4
Let w(d) = 5*d**2 + 2*d + 2. Let c be w(-1). Suppose -126 = -c*t + 2*t. What is the remainder when t is divided by 22?
20
Suppose 0 = 5*h - 275 + 75. Calculate the remainder when h is divided by 11.
7
Let x(m) = -16*m - 3. What is the remainder when x(-4) is divided by 8?
5
Let r = 19 + -15. Suppose 0 = -r*m - 12, 0 = -x - 3*x + m + 27. What is the remainder when 14 is divided by x?
2
Let o = -206 - -214. Let b(p) = 13*p**2 + p. Calculate the remainder when b(1) is divided by o.
6
What is the remainder when 16 is divided by (-264)/(-77)*(-1 + (-27)/(-6))?
4
Suppose m - 107 = -13. What is the remainder when m is divided by 16?
14
Let q be (3/2)/(8/16). Suppose 0 = q*z - 5*z + 6. Suppose -7*a + 24 = -z*a. Calculate the remainder when 10 is divided by a.
4
Let q be (-1 - 1 - -3)*11. Let o = 21 - q. Calculate the remainder when 18 is divided by o.
8
Suppose -4*y - 71 = -4*h + h, -53 = -2*h - 3*y. What is the remainder when 83 is divided by h?
8
Calculate the remainder when 73 is divided by (19/4)/((-9)/(-36)).
16
Suppose -g + 2*n = -0*g - 46, -n = -3*g + 113. What is the remainder when 141 is divided by g?
33
Let n(f) = 2*f**2 + 2*f + 3. Calculate the remainder when n(-7) is divided by 15.
12
Let n(t) = t + 9. Let o be n(-11). Calculate the remainder when o - (1 - (1 + 7)) is divided by 3.
2
What is the remainder when 11 is divided by -4 + 8 - 0/1?
3
Let g(l) = -l**2 + 14*l. Let y(z) = -8*z**3 - 1. Let x be y(-1). Suppose 5*b = 2*s - 39, 3*s = 2*b + 15 + 38. What is the remainder when g(x) is divided by s?
15
Let l = -9 - -18. Let z = l + -4. What is the remainder when z is divided by 2?
1
Let p = 15 - 8. What is the remainder when p is divided by (-4)/12 + (-130)/(-30)?
3
Let a(g) = 10*g**2 + g - 1. What is the remainder when (76/(-5))/(2/(-5)) is divided by a(1)?
8
Let s = 19 - 11. Let l = 62 - 39. Calculate the remainder when l is divided by s.
7
Suppose -22 = -p + 6. What is the remainder when 81 is divided by p?
25
Calculate the remainder when 16 is divided by 0 - -4 - ((-1 - -2) + 0).
1
Let n(h) = 7*h**2. Let s be (-1)/(-1) - 2*-1. Suppose 2*g + 5*o = -17, 0 = s*g + 5*o - 0*o + 13. What is the remainder when n(1) is divided by g?
3
Let u(c) = c**3 + 9*c**2 - 10*c - 10. Let o be u(-10). Calculate the remainder when 3 is divided by (-6)/o + 2/5.
0
Let w(t) = -t + 1. Let i be w(-4). Suppose -4*z + 4*v = -36, -5*z - 7 = i*v - 42. Calculate the remainder when 22 is divided by z.
6
Suppose -5*m + 5*g + 30 = 0, -2*m + 4*g = -m + 3. What is the remainder when 35 is divided by m?
8
Suppose y = -5*s + 3, 3*s - 57 = -3*y + 4*s. Suppose 5*i - 281 = -4*k, -4*i = 2*k - 227 + 7. Calculate the remainder when i is divided by y.
17
Let f(p) = 2*p - 9. Let l be f(6). Suppose -l*q + 4 = -q. Suppose -q*d + 7 + 11 = 0. Calculate the remainder when 15 is divided by d.
6
Let u(s) be the third derivative of s**4/24 + s**2. Let t be u(7). Let b = 18 - t. Calculate the remainder when 31 is divided by b.
9
Let w be (-58)/(-18) + (-4)/18. Suppose -5*s - 1 = -26. Suppose -5*p + 6 = w*k, s*k - p - 10 = p. What is the remainder when 3 is divided by k?
1
Suppose 4*t = -u + 37 + 2, t - 4 = 0. Suppose 5*h = -2*l + 73, -4*l - u = -4*h + h. What is the remainder when h is divided by 5?
3
Let f = -8 